{"id":4582,"date":"2024-10-30T22:44:59","date_gmt":"2024-10-30T22:44:59","guid":{"rendered":"https:\/\/wipytoys-studio.fr\/?post_type=product&#038;p=4582"},"modified":"2024-11-01T11:56:39","modified_gmt":"2024-11-01T11:56:39","slug":"heubeheu-lextraterrestre","status":"publish","type":"product","link":"https:\/\/wipytoys-studio.fr\/?product=heubeheu-lextraterrestre","title":{"rendered":"Heub\u00e9heu l&rsquo;extraterrestre"},"content":{"rendered":"<p>Heub\u00e9heu : R\u00e9alisation en 3D, ci-dessous, r\u00e9alis\u00e9e par mes soins en 2007 environ. Un gros travail mais un merveilleux souvenir !<\/p>\n<p><strong>Taille :<\/strong> 14 cm.<\/p>\n<p>La bande dessin\u00e9e est toujours disponible aupr\u00e8s de l&rsquo;<span style=\"color: #008080;\"><strong><a style=\"color: #008080;\" href=\"https:\/\/yil-edition.com\/produit\/heubeheu-le-mystere-de-la-zone-51\/\" target=\"_blank\" rel=\"noopener\">\u00e9diteur YIL<\/a><\/strong><\/span>.<\/p>\n<p><a href=\"https:\/\/wipytoys-studio.fr\/wp-content\/uploads\/2024\/10\/Heubeheu-modele01.pdf\" target=\"_blank\" rel=\"noopener\"><img fetchpriority=\"high\" decoding=\"async\" class=\"alignnone wp-image-4616 size-medium\" src=\"https:\/\/wipytoys-studio.fr\/wp-content\/uploads\/2024\/10\/Heubeheu-notice-modele01-212x300.jpg\" alt=\"\" width=\"212\" height=\"300\" srcset=\"https:\/\/wipytoys-studio.fr\/wp-content\/uploads\/2024\/10\/Heubeheu-notice-modele01-212x300.jpg 212w, https:\/\/wipytoys-studio.fr\/wp-content\/uploads\/2024\/10\/Heubeheu-notice-modele01.jpg 300w\" sizes=\"(max-width: 212px) 100vw, 212px\" \/><\/a><\/p>\n<p><strong>Bande originale de R\u00e9mi Orts \u00ab\u00a0We are not alone in this universe\u00a0\u00bb : (12 titres)<\/strong><\/p>\n<p><a href=\"https:\/\/www.remiorts.com\/albums\/remi-orts-project-we-are-not-alone-in-this-universe\/\" target=\"_blank\" rel=\"noopener\"><img decoding=\"async\" class=\"alignnone wp-image-4620 size-thumbnail\" src=\"https:\/\/wipytoys-studio.fr\/wp-content\/uploads\/2024\/10\/Heubeheu016-150x150.jpg\" alt=\"\" width=\"150\" height=\"150\" srcset=\"https:\/\/wipytoys-studio.fr\/wp-content\/uploads\/2024\/10\/Heubeheu016-150x150.jpg 150w, https:\/\/wipytoys-studio.fr\/wp-content\/uploads\/2024\/10\/Heubeheu016-300x300.jpg 300w, https:\/\/wipytoys-studio.fr\/wp-content\/uploads\/2024\/10\/Heubeheu016-600x600.jpg 600w, https:\/\/wipytoys-studio.fr\/wp-content\/uploads\/2024\/10\/Heubeheu016-265x265.jpg 265w, https:\/\/wipytoys-studio.fr\/wp-content\/uploads\/2024\/10\/Heubeheu016-433x433.jpg 433w, https:\/\/wipytoys-studio.fr\/wp-content\/uploads\/2024\/10\/Heubeheu016-100x100.jpg 100w, https:\/\/wipytoys-studio.fr\/wp-content\/uploads\/2024\/10\/Heubeheu016.jpg 640w\" sizes=\"(max-width: 150px) 100vw, 150px\" \/><\/a><\/p>\n<p><strong>Heub\u00e9heu : Le myst\u00e8re de la zone 51<\/strong><\/p>\n<p>\u00ab\u00a0Depuis le crash de Roswell en juillet 1947 dans le d\u00e9sert du Nouveau-Mexique, on entendit plus parler des Aliens originaires de Zeta Reticuli jusqu\u2019au jour o\u00f9\u2026 Un UFO est abattu au-dessus d\u2019un terrain militaire dans le nord des \u00c9tats-Unis. Heub\u00e9heu est \u00e0 bord ! Il \u00e9tait charg\u00e9 d\u2019effectuer quelques pr\u00e9l\u00e8vements sur notre sol et se retrouve prisonnier sur Terre.\u00a0\u00bb<\/p>\n<p>&nbsp;<\/p>\n<p class=\"responsive-video-wrap clr\"><iframe title=\"Heubeheu - Le Myst\u00e8re de la Zone 51 (Artcastle-Prod.)\" width=\"1200\" height=\"900\" src=\"https:\/\/www.youtube.com\/embed\/NYc-gIMJlSU?feature=oembed\" frameborder=\"0\" allow=\"accelerometer; autoplay; clipboard-write; encrypted-media; gyroscope; picture-in-picture; web-share\" referrerpolicy=\"strict-origin-when-cross-origin\" allowfullscreen><\/iframe><\/p>\n<p class=\"responsive-video-wrap clr\"><iframe title=\"L&#039;album HEUBEHEU est en vente !\" width=\"1200\" height=\"675\" src=\"https:\/\/www.youtube.com\/embed\/OKtd0znZMXE?feature=oembed\" frameborder=\"0\" allow=\"accelerometer; autoplay; clipboard-write; encrypted-media; gyroscope; picture-in-picture; web-share\" referrerpolicy=\"strict-origin-when-cross-origin\" allowfullscreen><\/iframe><\/p>\n","protected":false},"excerpt":{"rendered":"<p>Figurine Heub\u00e9heu inspir\u00e9e de la bande dessin\u00e9e de Jean-Luc Galiana parue aux \u00e9ditions YIL. A peindre (voir exemple de pr\u00e9sentation en photos)<\/p>\n<p><strong>Exemplaire unique encore en stock<\/strong> , ne tardez pas et soyez le premier \u00e0 la commander !<\/p>\n<p>&nbsp;<\/p>\n","protected":false},"featured_media":4584,"comment_status":"closed","ping_status":"closed","template":"","meta":{"ocean_post_layout":"","ocean_both_sidebars_style":"","ocean_both_sidebars_content_width":0,"ocean_both_sidebars_sidebars_width":0,"ocean_sidebar":"0","ocean_second_sidebar":"0","ocean_disable_margins":"enable","ocean_add_body_class":"","ocean_shortcode_before_top_bar":"","ocean_shortcode_after_top_bar":"","ocean_shortcode_before_header":"","ocean_shortcode_after_header":"","ocean_has_shortcode":"","ocean_shortcode_after_title":"","ocean_shortcode_before_footer_widgets":"","ocean_shortcode_after_footer_widgets":"","ocean_shortcode_before_footer_bottom":"","ocean_shortcode_after_footer_bottom":"","ocean_display_top_bar":"default","ocean_display_header":"default","ocean_header_style":"","ocean_center_header_left_menu":"0","ocean_custom_header_template":"0","ocean_custom_logo":0,"ocean_custom_retina_logo":0,"ocean_custom_logo_max_width":0,"ocean_custom_logo_tablet_max_width":0,"ocean_custom_logo_mobile_max_width":0,"ocean_custom_logo_max_height":0,"ocean_custom_logo_tablet_max_height":0,"ocean_custom_logo_mobile_max_height":0,"ocean_header_custom_menu":"0","ocean_menu_typo_font_family":"0","ocean_menu_typo_font_subset":"","ocean_menu_typo_font_size":0,"ocean_menu_typo_font_size_tablet":0,"ocean_menu_typo_font_size_mobile":0,"ocean_menu_typo_font_size_unit":"px","ocean_menu_typo_font_weight":"","ocean_menu_typo_font_weight_tablet":"","ocean_menu_typo_font_weight_mobile":"","ocean_menu_typo_transform":"","ocean_menu_typo_transform_tablet":"","ocean_menu_typo_transform_mobile":"","ocean_menu_typo_line_height":0,"ocean_menu_typo_line_height_tablet":0,"ocean_menu_typo_line_height_mobile":0,"ocean_menu_typo_line_height_unit":"","ocean_menu_typo_spacing":0,"ocean_menu_typo_spacing_tablet":0,"ocean_menu_typo_spacing_mobile":0,"ocean_menu_typo_spacing_unit":"","ocean_menu_link_color":"","ocean_menu_link_color_hover":"","ocean_menu_link_color_active":"","ocean_menu_link_background":"","ocean_menu_link_hover_background":"","ocean_menu_link_active_background":"","ocean_menu_social_links_bg":"","ocean_menu_social_hover_links_bg":"","ocean_menu_social_links_color":"","ocean_menu_social_hover_links_color":"","ocean_disable_title":"default","ocean_disable_heading":"default","ocean_post_title":"","ocean_post_subheading":"","ocean_post_title_style":"","ocean_post_title_background_color":"","ocean_post_title_background":0,"ocean_post_title_bg_image_position":"","ocean_post_title_bg_image_attachment":"","ocean_post_title_bg_image_repeat":"","ocean_post_title_bg_image_size":"","ocean_post_title_height":0,"ocean_post_title_bg_overlay":0.5,"ocean_post_title_bg_overlay_color":"","ocean_disable_breadcrumbs":"default","ocean_breadcrumbs_color":"","ocean_breadcrumbs_separator_color":"","ocean_breadcrumbs_links_color":"","ocean_breadcrumbs_links_hover_color":"","ocean_display_footer_widgets":"default","ocean_display_footer_bottom":"default","ocean_custom_footer_template":"0","omw_enable_modal_window":"enable"},"product_brand":[],"product_cat":[186],"product_tag":[538,578,579,136],"class_list":{"0":"post-4582","1":"product","2":"type-product","3":"status-publish","4":"has-post-thumbnail","6":"product_cat-figurines","7":"product_tag-extraterrestre","8":"product_tag-heubeheu","9":"product_tag-jean-luc-galiana","10":"product_tag-yil-edition","12":"entry","13":"has-media","15":"first","16":"instock","17":"taxable","18":"shipping-taxable","19":"purchasable","20":"product-type-simple","21":"has-product-nav","22":"col","23":"span_1_of_3","24":"owp-content-center","25":"owp-thumbs-layout-horizontal","26":"owp-btn-normal","27":"owp-tabs-layout-horizontal"},"jetpack_sharing_enabled":true,"_links":{"self":[{"href":"https:\/\/wipytoys-studio.fr\/index.php?rest_route=\/wp\/v2\/product\/4582","targetHints":{"allow":["GET"]}}],"collection":[{"href":"https:\/\/wipytoys-studio.fr\/index.php?rest_route=\/wp\/v2\/product"}],"about":[{"href":"https:\/\/wipytoys-studio.fr\/index.php?rest_route=\/wp\/v2\/types\/product"}],"replies":[{"embeddable":true,"href":"https:\/\/wipytoys-studio.fr\/index.php?rest_route=%2Fwp%2Fv2%2Fcomments&post=4582"}],"version-history":[{"count":9,"href":"https:\/\/wipytoys-studio.fr\/index.php?rest_route=\/wp\/v2\/product\/4582\/revisions"}],"predecessor-version":[{"id":4621,"href":"https:\/\/wipytoys-studio.fr\/index.php?rest_route=\/wp\/v2\/product\/4582\/revisions\/4621"}],"wp:featuredmedia":[{"embeddable":true,"href":"https:\/\/wipytoys-studio.fr\/index.php?rest_route=\/wp\/v2\/media\/4584"}],"wp:attachment":[{"href":"https:\/\/wipytoys-studio.fr\/index.php?rest_route=%2Fwp%2Fv2%2Fmedia&parent=4582"}],"wp:term":[{"taxonomy":"product_brand","embeddable":true,"href":"https:\/\/wipytoys-studio.fr\/index.php?rest_route=%2Fwp%2Fv2%2Fproduct_brand&post=4582"},{"taxonomy":"product_cat","embeddable":true,"href":"https:\/\/wipytoys-studio.fr\/index.php?rest_route=%2Fwp%2Fv2%2Fproduct_cat&post=4582"},{"taxonomy":"product_tag","embeddable":true,"href":"https:\/\/wipytoys-studio.fr\/index.php?rest_route=%2Fwp%2Fv2%2Fproduct_tag&post=4582"}],"curies":[{"name":"wp","href":"https:\/\/api.w.org\/{rel}","templated":true}]}}