{"id":100,"date":"2024-04-25T13:53:43","date_gmt":"2024-04-25T13:53:43","guid":{"rendered":"https:\/\/oceanwp.org\/underwear\/product\/winsom-hipster-copy-10\/"},"modified":"2024-11-10T15:32:32","modified_gmt":"2024-11-10T15:32:32","slug":"zoomasutra","status":"publish","type":"product","link":"https:\/\/wipytoys-studio.fr\/?product=zoomasutra","title":{"rendered":"Zoomasutra"},"content":{"rendered":"\t\t<div data-elementor-type=\"wp-post\" data-elementor-id=\"100\" class=\"elementor elementor-100\">\n\t\t\t\t<div class=\"elementor-element elementor-element-6128232 e-grid e-con-boxed wpr-particle-no wpr-jarallax-no wpr-parallax-no wpr-sticky-section-no wpr-equal-height-no e-con e-parent\" data-id=\"6128232\" data-element_type=\"container\" data-e-type=\"container\">\n\t\t\t\t\t<div class=\"e-con-inner\">\n\t\t\t\t<div class=\"elementor-element elementor-element-2c5f495 elementor-widget elementor-widget-text-editor\" data-id=\"2c5f495\" data-element_type=\"widget\" data-e-type=\"widget\" data-widget_type=\"text-editor.default\">\n\t\t\t\t<div class=\"elementor-widget-container\">\n\t\t\t\t\t\t\t\t\t<p><span style=\"color: #000000;\"><strong>Format :<\/strong> A5<\/span><\/p><p><span style=\"color: #000000;\"><strong>Pages :<\/strong> 100<\/span><\/p><p><span style=\"color: #000000;\"><strong>Couverture :<\/strong> Souple<\/span><\/p><p><span style=\"color: #000000;\"><strong>D\u00e9p\u00f4t l\u00e9gal :<\/strong> D\u00e9cembre 2020<\/span><\/p><p><span style=\"color: #000000;\"><strong>ISBN :<\/strong> 9791092115406<\/span><\/p><p><span style=\"color: #000000;\"><strong>Auteur :<\/strong> Paco Salamander<\/span><\/p><p><span style=\"color: #000000;\"><strong>Editeur :<\/strong>\u00a0<a style=\"color: #000000;\" href=\"https:\/\/www.comexpo2a.fr\/\" target=\"_blank\" rel=\"noopener\">Un Point C\u2019est Tout !<\/a><\/span><\/p>\t\t\t\t\t\t\t\t<\/div>\n\t\t\t\t<\/div>\n\t\t\t\t\t<\/div>\n\t\t\t\t<\/div>\n\t\t\t\t<\/div>\n\t\t","protected":false},"excerpt":{"rendered":"<p><strong>Dernier exemplaire !<\/strong><\/p>\n<p>Pourquoi \u00ab ZOOM \u00bb ?<br \/>\nLe zoom est un objectif &#8211; le mien en l\u2019occurrence &#8211; qui me permet de faire une mise au point sur mon travail d&rsquo;illustrateur jusqu&rsquo;\u00e0 ce moment plaisant o\u00f9 vous le tenez enfin dans vos mains.<\/p>\n<p>Pourquoi \u00ab SUTRA \u00bb ?<br \/>\nNon, il ne s&rsquo;agit pas du \u00ab Kama Sutra \u00bb ! SUTRA est un aphorisme. Un trait\u00e9 de rituel ou canonique r\u00e9sumant une th\u00e9orie ou un savoir. C&rsquo;est un \u00e9crit philosophique ou scientifique r\u00e9dig\u00e9 par Kama, une divinit\u00e9 hindoue en charge du d\u00e9sir. Mais oui, j&rsquo;ai joui en r\u00e9alisant ce livre puisqu&rsquo;il m&rsquo;a permis de me r\u00e9concilier avec moi-m\u00eame sur ces longues ann\u00e9es pass\u00e9es dans les jeux vid\u00e9os, la peinture, le dessin, l&rsquo;\u00e9criture et l&rsquo;art en g\u00e9n\u00e9ral&#8230;<\/p>\n<p>\u00ab ZOOMASUTRA \u00bb ?<br \/>\nC&rsquo;est donc une liaison platonique et intellectuelle entre vous et moi, fond\u00e9e sur le contenu \u00e9clectique de ce livre. Un ouvrage dans lequel je me suis amus\u00e9 \u00e0 compiler p\u00eale-m\u00eale, quelques-unes de mes productions issues de diff\u00e9rents projets, personnels ou collectifs. Une rencontre entre nous pour un moment de d\u00e9tente, de partage, de rires j&rsquo;esp\u00e8re, et de po\u00e9sie peut-\u00eatre&#8230; Un livre sur l&rsquo;art d&rsquo;\u00eatre aim\u00e9, de s&rsquo;\u00e9mouvoir, ou de se d\u00e9tester.<\/p>\n<p>Me suis-je trouv\u00e9 ? \u00c0 vous de me le dire !<\/p>\n","protected":false},"featured_media":766,"comment_status":"closed","ping_status":"closed","template":"","meta":{"ocean_post_layout":"","ocean_both_sidebars_style":"","ocean_both_sidebars_content_width":0,"ocean_both_sidebars_sidebars_width":0,"ocean_sidebar":"0","ocean_second_sidebar":"0","ocean_disable_margins":"enable","ocean_add_body_class":"","ocean_shortcode_before_top_bar":"","ocean_shortcode_after_top_bar":"","ocean_shortcode_before_header":"","ocean_shortcode_after_header":"","ocean_has_shortcode":"","ocean_shortcode_after_title":"","ocean_shortcode_before_footer_widgets":"","ocean_shortcode_after_footer_widgets":"","ocean_shortcode_before_footer_bottom":"","ocean_shortcode_after_footer_bottom":"","ocean_display_top_bar":"default","ocean_display_header":"default","ocean_header_style":"","ocean_center_header_left_menu":"0","ocean_custom_header_template":"0","ocean_custom_logo":0,"ocean_custom_retina_logo":0,"ocean_custom_logo_max_width":0,"ocean_custom_logo_tablet_max_width":0,"ocean_custom_logo_mobile_max_width":0,"ocean_custom_logo_max_height":0,"ocean_custom_logo_tablet_max_height":0,"ocean_custom_logo_mobile_max_height":0,"ocean_header_custom_menu":"0","ocean_menu_typo_font_family":"0","ocean_menu_typo_font_subset":"","ocean_menu_typo_font_size":0,"ocean_menu_typo_font_size_tablet":0,"ocean_menu_typo_font_size_mobile":0,"ocean_menu_typo_font_size_unit":"px","ocean_menu_typo_font_weight":"","ocean_menu_typo_font_weight_tablet":"","ocean_menu_typo_font_weight_mobile":"","ocean_menu_typo_transform":"","ocean_menu_typo_transform_tablet":"","ocean_menu_typo_transform_mobile":"","ocean_menu_typo_line_height":0,"ocean_menu_typo_line_height_tablet":0,"ocean_menu_typo_line_height_mobile":0,"ocean_menu_typo_line_height_unit":"","ocean_menu_typo_spacing":0,"ocean_menu_typo_spacing_tablet":0,"ocean_menu_typo_spacing_mobile":0,"ocean_menu_typo_spacing_unit":"","ocean_menu_link_color":"","ocean_menu_link_color_hover":"","ocean_menu_link_color_active":"","ocean_menu_link_background":"","ocean_menu_link_hover_background":"","ocean_menu_link_active_background":"","ocean_menu_social_links_bg":"","ocean_menu_social_hover_links_bg":"","ocean_menu_social_links_color":"","ocean_menu_social_hover_links_color":"","ocean_disable_title":"default","ocean_disable_heading":"default","ocean_post_title":"","ocean_post_subheading":"","ocean_post_title_style":"","ocean_post_title_background_color":"","ocean_post_title_background":0,"ocean_post_title_bg_image_position":"","ocean_post_title_bg_image_attachment":"","ocean_post_title_bg_image_repeat":"","ocean_post_title_bg_image_size":"","ocean_post_title_height":0,"ocean_post_title_bg_overlay":0.5,"ocean_post_title_bg_overlay_color":"","ocean_disable_breadcrumbs":"default","ocean_breadcrumbs_color":"","ocean_breadcrumbs_separator_color":"","ocean_breadcrumbs_links_color":"","ocean_breadcrumbs_links_hover_color":"","ocean_display_footer_widgets":"default","ocean_display_footer_bottom":"default","ocean_custom_footer_template":"0","omw_enable_modal_window":"enable"},"product_brand":[],"product_cat":[26],"product_tag":[694],"class_list":{"0":"post-100","1":"product","2":"type-product","3":"status-publish","4":"has-post-thumbnail","6":"product_cat-bandes-dessinees","7":"product_tag-zoomasutra","9":"entry","10":"has-media","12":"first","13":"instock","14":"sale","15":"taxable","16":"shipping-taxable","17":"purchasable","18":"product-type-simple","19":"has-product-nav","20":"col","21":"span_1_of_3","22":"owp-content-center","23":"owp-thumbs-layout-horizontal","24":"owp-btn-normal","25":"owp-tabs-layout-horizontal"},"jetpack_sharing_enabled":true,"_links":{"self":[{"href":"https:\/\/wipytoys-studio.fr\/index.php?rest_route=\/wp\/v2\/product\/100","targetHints":{"allow":["GET"]}}],"collection":[{"href":"https:\/\/wipytoys-studio.fr\/index.php?rest_route=\/wp\/v2\/product"}],"about":[{"href":"https:\/\/wipytoys-studio.fr\/index.php?rest_route=\/wp\/v2\/types\/product"}],"replies":[{"embeddable":true,"href":"https:\/\/wipytoys-studio.fr\/index.php?rest_route=%2Fwp%2Fv2%2Fcomments&post=100"}],"version-history":[{"count":17,"href":"https:\/\/wipytoys-studio.fr\/index.php?rest_route=\/wp\/v2\/product\/100\/revisions"}],"predecessor-version":[{"id":4877,"href":"https:\/\/wipytoys-studio.fr\/index.php?rest_route=\/wp\/v2\/product\/100\/revisions\/4877"}],"wp:featuredmedia":[{"embeddable":true,"href":"https:\/\/wipytoys-studio.fr\/index.php?rest_route=\/wp\/v2\/media\/766"}],"wp:attachment":[{"href":"https:\/\/wipytoys-studio.fr\/index.php?rest_route=%2Fwp%2Fv2%2Fmedia&parent=100"}],"wp:term":[{"taxonomy":"product_brand","embeddable":true,"href":"https:\/\/wipytoys-studio.fr\/index.php?rest_route=%2Fwp%2Fv2%2Fproduct_brand&post=100"},{"taxonomy":"product_cat","embeddable":true,"href":"https:\/\/wipytoys-studio.fr\/index.php?rest_route=%2Fwp%2Fv2%2Fproduct_cat&post=100"},{"taxonomy":"product_tag","embeddable":true,"href":"https:\/\/wipytoys-studio.fr\/index.php?rest_route=%2Fwp%2Fv2%2Fproduct_tag&post=100"}],"curies":[{"name":"wp","href":"https:\/\/api.w.org\/{rel}","templated":true}]}}