{"id":3726,"date":"2024-06-09T09:48:52","date_gmt":"2024-06-09T09:48:52","guid":{"rendered":"https:\/\/wipytoys-studio.fr\/?page_id=3726"},"modified":"2024-06-09T10:49:17","modified_gmt":"2024-06-09T10:49:17","slug":"prochaines-dedicaces","status":"publish","type":"page","link":"https:\/\/wipytoys-studio.fr\/?page_id=3726","title":{"rendered":"Prochaines d\u00e9dicaces"},"content":{"rendered":"\t\t<div data-elementor-type=\"wp-page\" data-elementor-id=\"3726\" class=\"elementor elementor-3726\">\n\t\t\t\t<div class=\"elementor-element elementor-element-18be029 e-grid e-con-boxed wpr-particle-no wpr-jarallax-no wpr-parallax-no wpr-sticky-section-no wpr-equal-height-no e-con e-parent\" data-id=\"18be029\" data-element_type=\"container\" data-e-type=\"container\">\n\t\t\t\t\t<div class=\"e-con-inner\">\n\t\t\t\t<div class=\"elementor-element elementor-element-87027dc elementor-widget elementor-widget-image\" data-id=\"87027dc\" data-element_type=\"widget\" data-e-type=\"widget\" data-widget_type=\"image.default\">\n\t\t\t\t<div class=\"elementor-widget-container\">\n\t\t\t\t\t\t\t\t\t\t\t\t\t\t\t<img fetchpriority=\"high\" decoding=\"async\" width=\"833\" height=\"430\" src=\"https:\/\/wipytoys-studio.fr\/wp-content\/uploads\/2024\/06\/Article-dedicaces.jpg\" class=\"attachment-large size-large wp-image-3734\" alt=\"\" srcset=\"https:\/\/wipytoys-studio.fr\/wp-content\/uploads\/2024\/06\/Article-dedicaces.jpg 833w, https:\/\/wipytoys-studio.fr\/wp-content\/uploads\/2024\/06\/Article-dedicaces-300x155.jpg 300w, https:\/\/wipytoys-studio.fr\/wp-content\/uploads\/2024\/06\/Article-dedicaces-768x396.jpg 768w, https:\/\/wipytoys-studio.fr\/wp-content\/uploads\/2024\/06\/Article-dedicaces-433x224.jpg 433w\" sizes=\"(max-width: 833px) 100vw, 833px\" \/>\t\t\t\t\t\t\t\t\t\t\t\t\t\t\t<\/div>\n\t\t\t\t<\/div>\n\t\t\t\t\t<\/div>\n\t\t\t\t<\/div>\n\t\t<div class=\"elementor-element elementor-element-373acc8 e-grid e-con-boxed wpr-particle-no wpr-jarallax-no wpr-parallax-no wpr-sticky-section-no wpr-equal-height-no e-con e-parent\" data-id=\"373acc8\" data-element_type=\"container\" data-e-type=\"container\">\n\t\t\t\t\t<div class=\"e-con-inner\">\n\t\t\t\t<div class=\"elementor-element elementor-element-7179ab1 elementor-widget elementor-widget-heading\" data-id=\"7179ab1\" data-element_type=\"widget\" data-e-type=\"widget\" data-widget_type=\"heading.default\">\n\t\t\t\t<div class=\"elementor-widget-container\">\n\t\t\t\t\t<h4 class=\"elementor-heading-title elementor-size-default\">Salons, festivals, librairies, m\u00e9diath\u00e8ques...<\/h4>\t\t\t\t<\/div>\n\t\t\t\t<\/div>\n\t\t\t\t<div class=\"elementor-element elementor-element-55cca49 elementor-widget-divider--view-line elementor-widget elementor-widget-divider\" data-id=\"55cca49\" data-element_type=\"widget\" data-e-type=\"widget\" data-widget_type=\"divider.default\">\n\t\t\t\t<div class=\"elementor-widget-container\">\n\t\t\t\t\t\t\t<div class=\"elementor-divider\">\n\t\t\t<span class=\"elementor-divider-separator\">\n\t\t\t\t\t\t<\/span>\n\t\t<\/div>\n\t\t\t\t\t\t<\/div>\n\t\t\t\t<\/div>\n\t\t\t\t\t<\/div>\n\t\t\t\t<\/div>\n\t\t<div class=\"elementor-element elementor-element-a2a70b0 e-grid e-con-boxed wpr-particle-no wpr-jarallax-no wpr-parallax-no wpr-sticky-section-no wpr-equal-height-no e-con e-parent\" data-id=\"a2a70b0\" data-element_type=\"container\" data-e-type=\"container\">\n\t\t\t\t\t<div class=\"e-con-inner\">\n\t\t\t\t<div class=\"elementor-element elementor-element-d93819b elementor-widget elementor-widget-text-editor\" data-id=\"d93819b\" data-element_type=\"widget\" data-e-type=\"widget\" data-widget_type=\"text-editor.default\">\n\t\t\t\t<div class=\"elementor-widget-container\">\n\t\t\t\t\t\t\t\t\t<p>Pas de rencontres programm\u00e9es pour l&rsquo;instant !<\/p><p><strong>2024<\/strong><\/p><p><a href=\"https:\/\/opalebd.com\/festivals\/details\/2054\" target=\"_blank\" rel=\"noopener\"><span style=\"text-decoration: underline;\"><span style=\"color: #008000;\"><strong>Lautrec objectif bulles<\/strong><\/span><\/span><\/a> 2 et 3 septembre (\u00e0 confirmer).<\/p>\t\t\t\t\t\t\t\t<\/div>\n\t\t\t\t<\/div>\n\t\t\t\t<div class=\"elementor-element elementor-element-89376e0 gallery-spacing-custom elementor-widget elementor-widget-image-gallery\" data-id=\"89376e0\" data-element_type=\"widget\" data-e-type=\"widget\" data-widget_type=\"image-gallery.default\">\n\t\t\t\t<div class=\"elementor-widget-container\">\n\t\t\t\t\t\t\t<div class=\"elementor-image-gallery\">\n\t\t\t<div id='gallery-1' class='gallery galleryid-3726 gallery-columns-3 gallery-size-thumbnail'><figure class='gallery-item'>\n\t\t\t<div class='gallery-icon portrait'>\n\t\t\t\t<a data-elementor-open-lightbox=\"yes\" data-elementor-lightbox-slideshow=\"89376e0\" data-e-action-hash=\"#elementor-action%3Aaction%3Dlightbox%26settings%3DeyJpZCI6MjEyOCwidXJsIjoiaHR0cHM6XC9cL3dpcHl0b3lzLXN0dWRpby5mclwvd3AtY29udGVudFwvdXBsb2Fkc1wvMjAyNFwvMDFcL0FydGljbGUtTG9uZ3ZpYzIwMjItcGgwMS5qcGciLCJzbGlkZXNob3ciOiI4OTM3NmUwIn0%3D\" href='https:\/\/wipytoys-studio.fr\/wp-content\/uploads\/2024\/01\/Article-Longvic2022-ph01.jpg'><img decoding=\"async\" width=\"150\" height=\"150\" src=\"https:\/\/wipytoys-studio.fr\/wp-content\/uploads\/2024\/01\/Article-Longvic2022-ph01-150x150.jpg\" class=\"attachment-thumbnail size-thumbnail\" alt=\"\" srcset=\"https:\/\/wipytoys-studio.fr\/wp-content\/uploads\/2024\/01\/Article-Longvic2022-ph01-150x150.jpg 150w, https:\/\/wipytoys-studio.fr\/wp-content\/uploads\/2024\/01\/Article-Longvic2022-ph01-600x600.jpg 600w, https:\/\/wipytoys-studio.fr\/wp-content\/uploads\/2024\/01\/Article-Longvic2022-ph01-265x265.jpg 265w, https:\/\/wipytoys-studio.fr\/wp-content\/uploads\/2024\/01\/Article-Longvic2022-ph01-100x100.jpg 100w\" sizes=\"(max-width: 150px) 100vw, 150px\" \/><\/a>\n\t\t\t<\/div><\/figure><figure class='gallery-item'>\n\t\t\t<div class='gallery-icon portrait'>\n\t\t\t\t<a data-elementor-open-lightbox=\"yes\" data-elementor-lightbox-slideshow=\"89376e0\" data-e-action-hash=\"#elementor-action%3Aaction%3Dlightbox%26settings%3DeyJpZCI6NjU3LCJ1cmwiOiJodHRwczpcL1wvd2lweXRveXMtc3R1ZGlvLmZyXC93cC1jb250ZW50XC91cGxvYWRzXC8yMDI0XC8wNVwvUG9ydGZvbGlvLWNvbTAxNi5qcGciLCJzbGlkZXNob3ciOiI4OTM3NmUwIn0%3D\" href='https:\/\/wipytoys-studio.fr\/wp-content\/uploads\/2024\/05\/Portfolio-com016.jpg'><img decoding=\"async\" width=\"150\" height=\"150\" src=\"https:\/\/wipytoys-studio.fr\/wp-content\/uploads\/2024\/05\/Portfolio-com016-150x150.jpg\" class=\"attachment-thumbnail size-thumbnail\" alt=\"\" srcset=\"https:\/\/wipytoys-studio.fr\/wp-content\/uploads\/2024\/05\/Portfolio-com016-150x150.jpg 150w, https:\/\/wipytoys-studio.fr\/wp-content\/uploads\/2024\/05\/Portfolio-com016-600x600.jpg 600w, https:\/\/wipytoys-studio.fr\/wp-content\/uploads\/2024\/05\/Portfolio-com016-265x265.jpg 265w, https:\/\/wipytoys-studio.fr\/wp-content\/uploads\/2024\/05\/Portfolio-com016-100x100.jpg 100w\" sizes=\"(max-width: 150px) 100vw, 150px\" \/><\/a>\n\t\t\t<\/div><\/figure><figure class='gallery-item'>\n\t\t\t<div class='gallery-icon landscape'>\n\t\t\t\t<a data-elementor-open-lightbox=\"yes\" data-elementor-lightbox-slideshow=\"89376e0\" data-e-action-hash=\"#elementor-action%3Aaction%3Dlightbox%26settings%3DeyJpZCI6MzIwNywidXJsIjoiaHR0cHM6XC9cL3dpcHl0b3lzLXN0dWRpby5mclwvd3AtY29udGVudFwvdXBsb2Fkc1wvMjAyNFwvMDZcL0FydGljbGUtTWFzc2lsbGFyZ3VlczIwMTcuanBnIiwic2xpZGVzaG93IjoiODkzNzZlMCJ9\" href='https:\/\/wipytoys-studio.fr\/wp-content\/uploads\/2024\/06\/Article-Massillargues2017.jpg'><img loading=\"lazy\" decoding=\"async\" width=\"150\" height=\"150\" src=\"https:\/\/wipytoys-studio.fr\/wp-content\/uploads\/2024\/06\/Article-Massillargues2017-150x150.jpg\" class=\"attachment-thumbnail size-thumbnail\" alt=\"\" srcset=\"https:\/\/wipytoys-studio.fr\/wp-content\/uploads\/2024\/06\/Article-Massillargues2017-150x150.jpg 150w, https:\/\/wipytoys-studio.fr\/wp-content\/uploads\/2024\/06\/Article-Massillargues2017-265x265.jpg 265w, https:\/\/wipytoys-studio.fr\/wp-content\/uploads\/2024\/06\/Article-Massillargues2017-100x100.jpg 100w\" sizes=\"(max-width: 150px) 100vw, 150px\" \/><\/a>\n\t\t\t<\/div><\/figure><figure class='gallery-item'>\n\t\t\t<div class='gallery-icon portrait'>\n\t\t\t\t<a data-elementor-open-lightbox=\"yes\" data-elementor-lightbox-slideshow=\"89376e0\" data-e-action-hash=\"#elementor-action%3Aaction%3Dlightbox%26settings%3DeyJpZCI6MjE0NiwidXJsIjoiaHR0cHM6XC9cL3dpcHl0b3lzLXN0dWRpby5mclwvd3AtY29udGVudFwvdXBsb2Fkc1wvMjAyNFwvMDVcL01hcnRlbC1qdWlsbGV0LTIwMjEuanBnIiwic2xpZGVzaG93IjoiODkzNzZlMCJ9\" href='https:\/\/wipytoys-studio.fr\/wp-content\/uploads\/2024\/05\/Martel-juillet-2021.jpg'><img loading=\"lazy\" decoding=\"async\" width=\"150\" height=\"150\" src=\"https:\/\/wipytoys-studio.fr\/wp-content\/uploads\/2024\/05\/Martel-juillet-2021-150x150.jpg\" class=\"attachment-thumbnail size-thumbnail\" alt=\"\" srcset=\"https:\/\/wipytoys-studio.fr\/wp-content\/uploads\/2024\/05\/Martel-juillet-2021-150x150.jpg 150w, https:\/\/wipytoys-studio.fr\/wp-content\/uploads\/2024\/05\/Martel-juillet-2021-265x265.jpg 265w, https:\/\/wipytoys-studio.fr\/wp-content\/uploads\/2024\/05\/Martel-juillet-2021-100x100.jpg 100w\" sizes=\"(max-width: 150px) 100vw, 150px\" \/><\/a>\n\t\t\t<\/div><\/figure><figure class='gallery-item'>\n\t\t\t<div class='gallery-icon portrait'>\n\t\t\t\t<a data-elementor-open-lightbox=\"yes\" data-elementor-lightbox-slideshow=\"89376e0\" data-e-action-hash=\"#elementor-action%3Aaction%3Dlightbox%26settings%3DeyJpZCI6MTc3MywidXJsIjoiaHR0cHM6XC9cL3dpcHl0b3lzLXN0dWRpby5mclwvd3AtY29udGVudFwvdXBsb2Fkc1wvMjAyNFwvMDVcL1BvcnRmb2xpby1jb20wOS0xLmpwZyIsInNsaWRlc2hvdyI6Ijg5Mzc2ZTAifQ%3D%3D\" href='https:\/\/wipytoys-studio.fr\/wp-content\/uploads\/2024\/05\/Portfolio-com09-1.jpg'><img loading=\"lazy\" decoding=\"async\" width=\"150\" height=\"150\" src=\"https:\/\/wipytoys-studio.fr\/wp-content\/uploads\/2024\/05\/Portfolio-com09-1-150x150.jpg\" class=\"attachment-thumbnail size-thumbnail\" alt=\"\" srcset=\"https:\/\/wipytoys-studio.fr\/wp-content\/uploads\/2024\/05\/Portfolio-com09-1-150x150.jpg 150w, https:\/\/wipytoys-studio.fr\/wp-content\/uploads\/2024\/05\/Portfolio-com09-1-600x600.jpg 600w, https:\/\/wipytoys-studio.fr\/wp-content\/uploads\/2024\/05\/Portfolio-com09-1-265x265.jpg 265w, https:\/\/wipytoys-studio.fr\/wp-content\/uploads\/2024\/05\/Portfolio-com09-1-100x100.jpg 100w\" sizes=\"(max-width: 150px) 100vw, 150px\" \/><\/a>\n\t\t\t<\/div><\/figure><figure class='gallery-item'>\n\t\t\t<div class='gallery-icon landscape'>\n\t\t\t\t<a data-elementor-open-lightbox=\"yes\" data-elementor-lightbox-slideshow=\"89376e0\" data-e-action-hash=\"#elementor-action%3Aaction%3Dlightbox%26settings%3DeyJpZCI6MjIzNCwidXJsIjoiaHR0cHM6XC9cL3dpcHl0b3lzLXN0dWRpby5mclwvd3AtY29udGVudFwvdXBsb2Fkc1wvMjAyNFwvMDVcL0xhdXRyZWMtcGgwMTUuanBnIiwic2xpZGVzaG93IjoiODkzNzZlMCJ9\" href='https:\/\/wipytoys-studio.fr\/wp-content\/uploads\/2024\/05\/Lautrec-ph015.jpg'><img loading=\"lazy\" decoding=\"async\" width=\"150\" height=\"150\" src=\"https:\/\/wipytoys-studio.fr\/wp-content\/uploads\/2024\/05\/Lautrec-ph015-150x150.jpg\" class=\"attachment-thumbnail size-thumbnail\" alt=\"\" srcset=\"https:\/\/wipytoys-studio.fr\/wp-content\/uploads\/2024\/05\/Lautrec-ph015-150x150.jpg 150w, https:\/\/wipytoys-studio.fr\/wp-content\/uploads\/2024\/05\/Lautrec-ph015-265x265.jpg 265w, https:\/\/wipytoys-studio.fr\/wp-content\/uploads\/2024\/05\/Lautrec-ph015-100x100.jpg 100w\" sizes=\"(max-width: 150px) 100vw, 150px\" \/><\/a>\n\t\t\t<\/div><\/figure><figure class='gallery-item'>\n\t\t\t<div class='gallery-icon portrait'>\n\t\t\t\t<a data-elementor-open-lightbox=\"yes\" data-elementor-lightbox-slideshow=\"89376e0\" data-e-action-hash=\"#elementor-action%3Aaction%3Dlightbox%26settings%3DeyJpZCI6NjU4LCJ1cmwiOiJodHRwczpcL1wvd2lweXRveXMtc3R1ZGlvLmZyXC93cC1jb250ZW50XC91cGxvYWRzXC8yMDI0XC8wNVwvUG9ydGZvbGlvLWNvbTAxNy5qcGciLCJzbGlkZXNob3ciOiI4OTM3NmUwIn0%3D\" href='https:\/\/wipytoys-studio.fr\/wp-content\/uploads\/2024\/05\/Portfolio-com017.jpg'><img loading=\"lazy\" decoding=\"async\" width=\"150\" height=\"150\" src=\"https:\/\/wipytoys-studio.fr\/wp-content\/uploads\/2024\/05\/Portfolio-com017-150x150.jpg\" class=\"attachment-thumbnail size-thumbnail\" alt=\"\" srcset=\"https:\/\/wipytoys-studio.fr\/wp-content\/uploads\/2024\/05\/Portfolio-com017-150x150.jpg 150w, https:\/\/wipytoys-studio.fr\/wp-content\/uploads\/2024\/05\/Portfolio-com017-600x600.jpg 600w, https:\/\/wipytoys-studio.fr\/wp-content\/uploads\/2024\/05\/Portfolio-com017-265x265.jpg 265w, https:\/\/wipytoys-studio.fr\/wp-content\/uploads\/2024\/05\/Portfolio-com017-100x100.jpg 100w\" sizes=\"(max-width: 150px) 100vw, 150px\" \/><\/a>\n\t\t\t<\/div><\/figure><figure class='gallery-item'>\n\t\t\t<div class='gallery-icon portrait'>\n\t\t\t\t<a data-elementor-open-lightbox=\"yes\" data-elementor-lightbox-slideshow=\"89376e0\" data-e-action-hash=\"#elementor-action%3Aaction%3Dlightbox%26settings%3DeyJpZCI6NjUyLCJ1cmwiOiJodHRwczpcL1wvd2lweXRveXMtc3R1ZGlvLmZyXC93cC1jb250ZW50XC91cGxvYWRzXC8yMDI0XC8wNVwvUG9ydGZvbGlvLWNvbTA1LmpwZyIsInNsaWRlc2hvdyI6Ijg5Mzc2ZTAifQ%3D%3D\" href='https:\/\/wipytoys-studio.fr\/wp-content\/uploads\/2024\/05\/Portfolio-com05.jpg'><img loading=\"lazy\" decoding=\"async\" width=\"150\" height=\"150\" src=\"https:\/\/wipytoys-studio.fr\/wp-content\/uploads\/2024\/05\/Portfolio-com05-150x150.jpg\" class=\"attachment-thumbnail size-thumbnail\" alt=\"\" srcset=\"https:\/\/wipytoys-studio.fr\/wp-content\/uploads\/2024\/05\/Portfolio-com05-150x150.jpg 150w, https:\/\/wipytoys-studio.fr\/wp-content\/uploads\/2024\/05\/Portfolio-com05-600x600.jpg 600w, https:\/\/wipytoys-studio.fr\/wp-content\/uploads\/2024\/05\/Portfolio-com05-265x265.jpg 265w, https:\/\/wipytoys-studio.fr\/wp-content\/uploads\/2024\/05\/Portfolio-com05-100x100.jpg 100w\" sizes=\"(max-width: 150px) 100vw, 150px\" \/><\/a>\n\t\t\t<\/div><\/figure><figure class='gallery-item'>\n\t\t\t<div class='gallery-icon portrait'>\n\t\t\t\t<a data-elementor-open-lightbox=\"yes\" data-elementor-lightbox-slideshow=\"89376e0\" data-e-action-hash=\"#elementor-action%3Aaction%3Dlightbox%26settings%3DeyJpZCI6Mjc1MiwidXJsIjoiaHR0cHM6XC9cL3dpcHl0b3lzLXN0dWRpby5mclwvd3AtY29udGVudFwvdXBsb2Fkc1wvMjAyNFwvMDVcL0FmZmljaGUtbWVubmVjeS0yMDIwLmpwZyIsInNsaWRlc2hvdyI6Ijg5Mzc2ZTAifQ%3D%3D\" href='https:\/\/wipytoys-studio.fr\/wp-content\/uploads\/2024\/05\/Affiche-mennecy-2020.jpg'><img loading=\"lazy\" decoding=\"async\" width=\"150\" height=\"150\" src=\"https:\/\/wipytoys-studio.fr\/wp-content\/uploads\/2024\/05\/Affiche-mennecy-2020-150x150.jpg\" class=\"attachment-thumbnail size-thumbnail\" alt=\"\" srcset=\"https:\/\/wipytoys-studio.fr\/wp-content\/uploads\/2024\/05\/Affiche-mennecy-2020-150x150.jpg 150w, https:\/\/wipytoys-studio.fr\/wp-content\/uploads\/2024\/05\/Affiche-mennecy-2020-600x600.jpg 600w, https:\/\/wipytoys-studio.fr\/wp-content\/uploads\/2024\/05\/Affiche-mennecy-2020-265x265.jpg 265w, https:\/\/wipytoys-studio.fr\/wp-content\/uploads\/2024\/05\/Affiche-mennecy-2020-100x100.jpg 100w\" sizes=\"(max-width: 150px) 100vw, 150px\" \/><\/a>\n\t\t\t<\/div><\/figure><figure class='gallery-item'>\n\t\t\t<div class='gallery-icon portrait'>\n\t\t\t\t<a data-elementor-open-lightbox=\"yes\" data-elementor-lightbox-slideshow=\"89376e0\" data-e-action-hash=\"#elementor-action%3Aaction%3Dlightbox%26settings%3DeyJpZCI6MjM2OCwidXJsIjoiaHR0cHM6XC9cL3dpcHl0b3lzLXN0dWRpby5mclwvd3AtY29udGVudFwvdXBsb2Fkc1wvMjAyNFwvMDVcL0JFQy1waDA5LmpwZyIsInNsaWRlc2hvdyI6Ijg5Mzc2ZTAifQ%3D%3D\" href='https:\/\/wipytoys-studio.fr\/wp-content\/uploads\/2024\/05\/BEC-ph09.jpg'><img loading=\"lazy\" decoding=\"async\" width=\"150\" height=\"150\" src=\"https:\/\/wipytoys-studio.fr\/wp-content\/uploads\/2024\/05\/BEC-ph09-150x150.jpg\" class=\"attachment-thumbnail size-thumbnail\" alt=\"\" srcset=\"https:\/\/wipytoys-studio.fr\/wp-content\/uploads\/2024\/05\/BEC-ph09-150x150.jpg 150w, https:\/\/wipytoys-studio.fr\/wp-content\/uploads\/2024\/05\/BEC-ph09-600x600.jpg 600w, https:\/\/wipytoys-studio.fr\/wp-content\/uploads\/2024\/05\/BEC-ph09-707x700.jpg 707w, https:\/\/wipytoys-studio.fr\/wp-content\/uploads\/2024\/05\/BEC-ph09-265x265.jpg 265w, https:\/\/wipytoys-studio.fr\/wp-content\/uploads\/2024\/05\/BEC-ph09-100x100.jpg 100w\" sizes=\"(max-width: 150px) 100vw, 150px\" \/><\/a>\n\t\t\t<\/div><\/figure>\n\t\t<\/div>\n\t\t<\/div>\n\t\t\t\t\t\t<\/div>\n\t\t\t\t<\/div>\n\t\t\t\t\t<\/div>\n\t\t\t\t<\/div>\n\t\t<div class=\"elementor-element elementor-element-b3e52a2 e-flex e-con-boxed wpr-particle-no wpr-jarallax-no wpr-parallax-no wpr-sticky-section-no wpr-equal-height-no e-con e-parent\" data-id=\"b3e52a2\" data-element_type=\"container\" data-e-type=\"container\">\n\t\t\t\t\t<div class=\"e-con-inner\">\n\t\t\t\t<div class=\"elementor-element elementor-element-86483ea elementor-widget elementor-widget-image\" data-id=\"86483ea\" data-element_type=\"widget\" data-e-type=\"widget\" data-widget_type=\"image.default\">\n\t\t\t\t<div class=\"elementor-widget-container\">\n\t\t\t\t\t\t\t\t\t\t\t\t\t\t\t<img loading=\"lazy\" decoding=\"async\" width=\"432\" height=\"505\" src=\"https:\/\/wipytoys-studio.fr\/wp-content\/uploads\/2024\/06\/Mascotte7-1.png\" class=\"attachment-large size-large wp-image-3745\" alt=\"\" srcset=\"https:\/\/wipytoys-studio.fr\/wp-content\/uploads\/2024\/06\/Mascotte7-1.png 432w, https:\/\/wipytoys-studio.fr\/wp-content\/uploads\/2024\/06\/Mascotte7-1-257x300.png 257w\" sizes=\"(max-width: 432px) 100vw, 432px\" \/>\t\t\t\t\t\t\t\t\t\t\t\t\t\t\t<\/div>\n\t\t\t\t<\/div>\n\t\t\t\t\t<\/div>\n\t\t\t\t<\/div>\n\t\t\t\t<\/div>\n\t\t","protected":false},"excerpt":{"rendered":"<p>Salons, festivals, librairies, m\u00e9diath\u00e8ques&#8230; Pas de rencontres programm\u00e9es pour l&rsquo;instant ! 2024 Lautrec objectif bulles 2 et 3 septembre (\u00e0 confirmer).<\/p>\n","protected":false},"author":1,"featured_media":3734,"parent":0,"menu_order":0,"comment_status":"closed","ping_status":"closed","template":"","meta":{"ocean_post_layout":"","ocean_both_sidebars_style":"","ocean_both_sidebars_content_width":0,"ocean_both_sidebars_sidebars_width":0,"ocean_sidebar":"","ocean_second_sidebar":"","ocean_disable_margins":"enable","ocean_add_body_class":"","ocean_shortcode_before_top_bar":"","ocean_shortcode_after_top_bar":"","ocean_shortcode_before_header":"","ocean_shortcode_after_header":"","ocean_has_shortcode":"","ocean_shortcode_after_title":"","ocean_shortcode_before_footer_widgets":"","ocean_shortcode_after_footer_widgets":"","ocean_shortcode_before_footer_bottom":"","ocean_shortcode_after_footer_bottom":"","ocean_display_top_bar":"default","ocean_display_header":"default","ocean_header_style":"","ocean_center_header_left_menu":"","ocean_custom_header_template":"","ocean_custom_logo":0,"ocean_custom_retina_logo":0,"ocean_custom_logo_max_width":0,"ocean_custom_logo_tablet_max_width":0,"ocean_custom_logo_mobile_max_width":0,"ocean_custom_logo_max_height":0,"ocean_custom_logo_tablet_max_height":0,"ocean_custom_logo_mobile_max_height":0,"ocean_header_custom_menu":"","ocean_menu_typo_font_family":"","ocean_menu_typo_font_subset":"","ocean_menu_typo_font_size":0,"ocean_menu_typo_font_size_tablet":0,"ocean_menu_typo_font_size_mobile":0,"ocean_menu_typo_font_size_unit":"px","ocean_menu_typo_font_weight":"","ocean_menu_typo_font_weight_tablet":"","ocean_menu_typo_font_weight_mobile":"","ocean_menu_typo_transform":"","ocean_menu_typo_transform_tablet":"","ocean_menu_typo_transform_mobile":"","ocean_menu_typo_line_height":0,"ocean_menu_typo_line_height_tablet":0,"ocean_menu_typo_line_height_mobile":0,"ocean_menu_typo_line_height_unit":"","ocean_menu_typo_spacing":0,"ocean_menu_typo_spacing_tablet":0,"ocean_menu_typo_spacing_mobile":0,"ocean_menu_typo_spacing_unit":"","ocean_menu_link_color":"","ocean_menu_link_color_hover":"","ocean_menu_link_color_active":"","ocean_menu_link_background":"","ocean_menu_link_hover_background":"","ocean_menu_link_active_background":"","ocean_menu_social_links_bg":"","ocean_menu_social_hover_links_bg":"","ocean_menu_social_links_color":"","ocean_menu_social_hover_links_color":"","ocean_disable_title":"default","ocean_disable_heading":"default","ocean_post_title":"","ocean_post_subheading":"","ocean_post_title_style":"","ocean_post_title_background_color":"","ocean_post_title_background":0,"ocean_post_title_bg_image_position":"","ocean_post_title_bg_image_attachment":"","ocean_post_title_bg_image_repeat":"","ocean_post_title_bg_image_size":"","ocean_post_title_height":0,"ocean_post_title_bg_overlay":0.5,"ocean_post_title_bg_overlay_color":"","ocean_disable_breadcrumbs":"default","ocean_breadcrumbs_color":"","ocean_breadcrumbs_separator_color":"","ocean_breadcrumbs_links_color":"","ocean_breadcrumbs_links_hover_color":"","ocean_display_footer_widgets":"default","ocean_display_footer_bottom":"default","ocean_custom_footer_template":"","omw_enable_modal_window":"enable","footnotes":""},"class_list":["post-3726","page","type-page","status-publish","has-post-thumbnail","hentry","entry","has-media","owp-thumbs-layout-horizontal","owp-btn-normal","owp-tabs-layout-horizontal","has-no-thumbnails","has-product-nav"],"jetpack_sharing_enabled":true,"_links":{"self":[{"href":"https:\/\/wipytoys-studio.fr\/index.php?rest_route=\/wp\/v2\/pages\/3726","targetHints":{"allow":["GET"]}}],"collection":[{"href":"https:\/\/wipytoys-studio.fr\/index.php?rest_route=\/wp\/v2\/pages"}],"about":[{"href":"https:\/\/wipytoys-studio.fr\/index.php?rest_route=\/wp\/v2\/types\/page"}],"author":[{"embeddable":true,"href":"https:\/\/wipytoys-studio.fr\/index.php?rest_route=\/wp\/v2\/users\/1"}],"replies":[{"embeddable":true,"href":"https:\/\/wipytoys-studio.fr\/index.php?rest_route=%2Fwp%2Fv2%2Fcomments&post=3726"}],"version-history":[{"count":16,"href":"https:\/\/wipytoys-studio.fr\/index.php?rest_route=\/wp\/v2\/pages\/3726\/revisions"}],"predecessor-version":[{"id":3754,"href":"https:\/\/wipytoys-studio.fr\/index.php?rest_route=\/wp\/v2\/pages\/3726\/revisions\/3754"}],"wp:featuredmedia":[{"embeddable":true,"href":"https:\/\/wipytoys-studio.fr\/index.php?rest_route=\/wp\/v2\/media\/3734"}],"wp:attachment":[{"href":"https:\/\/wipytoys-studio.fr\/index.php?rest_route=%2Fwp%2Fv2%2Fmedia&parent=3726"}],"curies":[{"name":"wp","href":"https:\/\/api.w.org\/{rel}","templated":true}]}}